d**2 - 10. Give z(0).
-10
Let g(f) = -6*f**2 + f. Calculate g(-2).
-26
Let c(v) = v**3 + 6*v**2 + 6*v + 1. Determine c(-3).
10
Let m(y) = y**2 - 9*y + 6. Give m(10).
16
Let g(w) = -2*w**2 - 3*w - 4. Determine g(-4).
-24
Let s(c) = -8*c - 18. Calculate s(8).
-82
Let t(p) = -7*p**2 + 13*p - 2. Give t(2).
-4
Let f(v) = -61*v + 119. Calculate f(2).
-3
Let l(x) = -26*x**2 - 3*x + 1. Determine l(1).
-28
Let b(m) = m - 5. Calculate b(-5).
-10
Let v(c) = -5*c**2 - 2*c + 6. Determine v(-2).
-10
Let k(w) = w**3 + 8*w**2 + 15*w + 17. Give k(-6).
-1
Let j(i) = i**3 - 9*i**2 - 13*i - 5. Give j(10).
-35
Let y(k) = -3*k**3 - k**2 - 3*k + 1. Calculate y(2).
-33
Let n(r) = -r**3 - r**2 + 3*r. Calculate n(-3).
9
Let f(m) = -2*m - 11. Determine f(-7).
3
Let f(t) = 3*t + 4. Give f(-2).
-2
Let y(w) = -w + 1. What is y(2)?
-1
Let s(l) = -l**2 - 6*l + 5. Determine s(-10).
-35
Let c(h) = h**3 - 8*h**2 + 4*h - 15. Calculate c(7).
-36
Let g(z) = -z**2 + 37*z + 24. Calculate g(30).
234
Let l(h) = h**3 - 11*h**2 + 7*h + 13. What is l(10)?
-17
Let f(m) = m**2 + 6*m - 27. What is f(-5)?
-32
Let l(u) = u**2 - 7*u - 9. Calculate l(-3).
21
Let k(b) = -5*b - 10. Determine k(2).
-20
Let n(f) = -f**2 - f. What is n(-4)?
-12
Let p(m) = 2*m**3 + 2*m**2 - m + 2. Calculate p(2).
24
Let y(q) = q**2 + 2*q - 88. Calculate y(8).
-8
Let g(b) = -10*b**2 - 108*b - 12. Give g(-10).
68
Let k(r) = 5*r**2 + 8*r + 6. Give k(3).
75
Let p(n) = 11*n + 47. Give p(-5).
-8
Let x(p) = p**2 + 20*p + 80. Calculate x(-16).
16
Let s(z) = -37*z**2 - z - 1. Calculate s(-1).
-37
Let a(i) = -2*i**3 + 14*i**2 + i + 8. What is a(6)?
86
Let j(a) = -6*a - 38. Calculate j(-5).
-8
Let f(z) = -z**3 - 11*z**2 - 16*z + 2. What is f(-9)?
-16
Let q(u) = -2*u - 1. Give q(7).
-15
Let d(c) = 7*c - 19. Determine d(5).
16
Let i(x) = -3*x - 17. Give i(-5).
-2
Let s(r) = 4*r + 11. Give s(6).
35
Let y(z) = -z**3 - 24*z**2 + 24*z - 34. Give y(-25).
-9
Let n(g) = g**2 + 4*g - 57. Determine n(-10).
3
Let r(v) = -2*v + 1. Determine r(7).
-13
Let c(p) = 2*p**2 + 16*p + 8. Determine c(-8).
8
Let j(m) = -4*m + 5. What is j(-9)?
41
Let h(q) = 5*q**2 - 3*q + 2. What is h(3)?
38
Let x(b) = -7*b - 45. Determine x(-17).
74
Let y(z) = z**2 - 5*z + 1. What is y(4)?
-3
Let k(l) = -l**2 + 19*l + 7. Give k(19).
7
Let b(o) = o**3 - 11*o**2 + 11*o - 8. What is b(10)?
2
Let r(j) = j**3 - 13*j**2 + 50*j - 127. Give r(9).
-1
Let t(k) = -3*k**2 + 28*k - 55. Give t(6).
5
Let l(c) = -c**2 - 4*c + 2. Calculate l(-3).
5
Let j(x) = 2*x**3 + 21*x**2 + 11*x + 9. Calculate j(-10).
-1
Let j(p) = p**3 - 4*p**2 + p + 4. Determine j(2).
-2
Let a(f) = -f**3 + 5*f**2 + 2*f - 1. Determine a(3).
23
Let j(t) = -t**3 - 4*t**2 - 3*t + 9. Calculate j(-4).
21
Let q(f) = -44*f**3 - 2*f**2 - f. What is q(-1)?
43
Let a(i) = -24*i + 3. What is a(1)?
-21
Let i(t) = t**2 - 39*t - 135. Give i(42).
-9
Let u(f) = -2*f**2 + 65*f + 183. What is u(-3)?
-30
Let q(v) = 17*v + 272. Give q(-16).
0
Let b(r) = r**2 + 6*r - 3. Calculate b(-3).
-12
Let x(s) = -20*s**3 + s**2 - 3*s + 2. Calculate x(1).
-20
Let m(f) = -8*f + 43. What is m(4)?
11
Let o(j) = -j**3 + 4*j**2 - j + 2. Determine o(4).
-2
Let w(a) = -2*a + 46. Calculate w(25).
-4
Let r(c) = -2*c**2 + c + 3. What is r(-6)?
-75
Let z(n) = -n**3 + n**2 - 3. Determine z(2).
-7
Let b(x) = -17*x + 512. Determine b(30).
2
Let y(a) = 7*a**2 - 9*a + 3. Give y(1).
1
Let v(l) = -l**3 + 4*l**2 + 3*l - 7. Calculate v(4).
5
Let p(s) = -s**2 + 15*s - 69. Calculate p(4).
-25
Let f(o) = 4*o + 6. Give f(-2).
-2
Let b(k) = k**3 - 15*k**2 + 14*k - 2. Determine b(14).
-2
Let o(g) = -3*g + 105. Calculate o(17).
54
Let i(s) = -s**2 + 12*s - 31. Determine i(8).
1
Let u(k) = k**3 - 4*k**2 - 6*k + 11. Calculate u(5).
6
Let v(y) = y**3 + 5*y**2 + 14*y - 6. Determine v(-6).
-126
Let u(w) = w**3 + 7*w**2 + 2*w + 16. What is u(-6)?
40
Let s(j) = -j**3 - 6*j**2 - 11*j - 10. Determine s(-4).
2
Let a(d) = 3*d**3 - 4*d**2 + 4*d + 2. What is a(2)?
18
Let r(z) = -111*z**2 + z. Determine r(-1).
-112
Let a(j) = -3*j**2 + 11*j - 2. Calculate a(3).
4
Let q(z) = 16*z - 5. What is q(1)?
11
Let a(x) = -x**3 - 3*x**2 + 15*x + 51. Calculate a(-6).
69
Let r(n) = n**3 + 2*n**2 + 2*n + 4. Calculate r(-4).
-36
Let x(t) = t**3 + 9*t**2 + 8*t - 6. What is x(-7)?
36
Let u(x) = x**2 + 12*x + 19. Determine u(-9).
-8
Let t(c) = -c**3 + 11*c**2 + 2*c - 3. What is t(11)?
19
Let n(b) = b + 1. Give n(9).
10
Let b(f) = -f - 9. What is b(9)?
-18
Let n(s) = s**3 + 6*s**2 - 10*s - 8. Give n(-7).
13
Let j(y) = 3*y - 43. Give j(15).
2
Let v(f) = -38*f - 422. Calculate v(-11).
-4
Let t(w) = 3*w + 38. What is t(-12)?
2
Let i(w) = -6*w + 196. What is i(29)?
22
Let z(q) = 18*q**2 - 2. Calculate z(1).
16
Let s(v) = 7*v + 44. Calculate s(-6).
2
Let d(q) = -4*q - 29. Determine d(-11).
15
Let r(l) = l**3 + 5*l**2 - 13*l + 6. Calculate r(-7).
-1
Let p(k) = k**3 - 24*k**2 + 22*k + 17. Give p(23).
-6
Let v(l) = -l**2 - 7*l + 53. Give v(5).
-7
Let h(f) = 2*f - 23. Calculate h(15).
7
Let d(y) = -29*y + 90. Give d(6).
-84
Let u(t) = -t**3 - 9*t**2 - t + 51. What is u(-8)?
-5
Let a(h) = 4*h**2 - 33*h. What is a(8)?
-8
Let p(h) = h - 1. What is p(4)?
3
Let y(w) = w**3 - 17*w**2 + 14*w + 17. Give y(16).
-15
Let g(d) = -d + 17. What is g(16)?
1
Let i(f) = -2*f**2 + 46*f + 3. Determine i(23).
3
Let u(j) = 15*j + 23. Give u(6).
113
Let b(x) = -2*x + 24. Calculate b(13).
-2
Let u(v) = v - 9. Give u(3).
-6
Let y(g) = g**2 + 15*g + 31. What is y(-16)?
47
Let d(v) = -9*v - 20. What is d(-7)?
43
Let w(h) = -3*h - 101. What is w(-32)?
-5
Let p(b) = -b**3 - 55*b**2 - 43*b + 599. What is p(-54)?
5
Let k(n) = 2*n - 8. Calculate k(8).
8
Let b(a) = 13*a**2 - 2. Calculate b(1).
11
Let r(m) = -m - 5. What is r(-10)?
5
Let q(c) = c**2 - 9*c + 17. Determine q(4).
-3
Let v(d) = 8*d - 3. What is v(0)?
-3
Let f(i) = 2*i**2 + 13*i - 10. Give f(-7).
-3
Let i(w) = -w**3 - 12*w**2 + 13*w + 8. Determine i(-13).
8
Let s(b) = -b**3 + 3*b**2 + 2*b + 1. Calculate s(3).
7
Let o(n) = -n - 37. What is o(-6)?
-31
Let k(c) = -10*c + 38. Calculate k(4).
-2
Let r(u) = 3*u**2 - 19*u + 14. Calculate r(6).
8
Let f(k) = -k**3 - 4*k**2 - 3*k - 4. Determine f(-3).
-4
Let j(l) = -11*l + 2. Give j(1).
-9
Let j(f) = f**2 + f - 90. Determine j(-10).
0
Let g(h) = -h**2 - 11*h - 2. What is g(-8)?
22
Let v(z) = -z + 5. Determine v(9).
-4
Let q(i) = -28*i**3 - i**2 + i. What is q(1)?
-28
Let x(a) = -a**3 - 2*a**2 - 3*a - 7. What is x(-3)?
11
Let g(l) = -16*l - 1196. Give g(-75).
4
Let a(m) = -m**2 + 16*m - 40. What is a(3)?
-1
Let x(o) = -o**2 + 27*o - 27. Determine x(10).
143
Let v(n) = -5*n**3 + n**2 + 5*n + 6. What is v(2)?
-20
Let z(w) = w**2 - 34. Determine z(-5).
-9
Let v(j) = 8*j**2 + j - 2. Calculate v(1).
7
Let o(f) = 23*f - 2. Give o(2).
44
Let j(v) = -v**2 + 14*v + 113. What is j(20)?
-7
Let j(d) = d**2 + 12*d - 70. What is j(-14)?
-42
Let g(n) = 8*n**2 - n + 1. Determine g(3).
70
Let v(f) = 23*f**3 - f**2 - 2*f. Give v(-1).
-22
Let s(b) = -b**3 + b**2 + 4*b - 1. Determine s(0).
-1
Let h(r) = -2*r**3 - 17*r**2 - 4*r + 4. Give h(-9).
121
Let m(x) = -176*x + 703. Determine m(4).
-1
Let p(f) = -f**3 - 8*f**2 + 8*f + 2. Give p(-9).
11
Let k(h) = 3*h - 19. Calculate k(9).
8
Let i(v) = -2*v**3 + 2. What is i(2)?
-14
Let x(o) = 15*o - 354. Give x(24).
6
Let l(q) = -5*q - 12. What is l(-5)?
13
Let w(t) = -9*t**2 - t + 3. Determine w(-2).
-31
Let g(o) = -o**3 - 15*o**2 - 6*o - 23. Give g(-15).
67
Let g(r) = -r**3 + 4*r**2 + 4*r + 3. Determine g(5).
-2
Let b(n) = n**3 - 2*n**2 - 6*n + 5. Determine b(4).
13
Let n(m) = m**2 - 38*m + 131. Determine n(4).
-5
Let v(q) = q**2 - 13*q - 108. What is v(19)?
6
Let g(u) = 2*u + 31. Determine g(-13).
5
Let n(d) = 2*d**2 - 3*d - 1. Give n(-2).
13
Let v(j) = -j**2 - 20*j - 8. Determine v(-15).
67
Let v(i) = -i**3 - 7*i**2 - 6*i + 6. What is v(-5)?
-14
Let z(i) = -40*i**3 + 2*i**2 - i. What is z(1)?
-39
Let w(d) = 2*d + 10. What is w(-4)?
2
Let q(g) = 2*g**3 - 22*g**2 - 23*g - 15. Give q(12).
-3
Let w(n) = -n**2 - 38*n + 88. Give w(-40).
8
Let z(h) = 11*h + 66. Give z(-7).
-11
Let t(n) = n**2 - 11*n + 22. Calculate t(3).
-2
Let x(n) = -n**2 - 5*n - 8. Determine x(-5).
-8
Let r(s) = -s**2 - 3*s. What is r(-4)?
-4
Let r(v) = -v**2 - 20*v - 54. Give r(-17).
-3
Let x(c) = c**2 + 18*c - 112. What is x(-23)?
3
Let t(q) = 64*q -